b be (3/(-2))/((-3)/10). Suppose 3*l + b = -2*l. Determine i(l).
-1
Let u be 28/(-21)*(-6)/(-4). Let i(k) = 2*k + 3. Let n(s) = -s - 1. Let a(l) = -6*i(l) - 17*n(l). What is a(u)?
-11
Suppose -2*k = -0*k - 2. Suppose -5*b + 5*w - w = 35, 4*w - 29 = 3*b. Let l be b*k/((-3)/4). Let r(h) = -h**3 + 3*h**2 + 4*h - 3. Give r(l).
-3
Let z = -34 - -33. Let b(v) = 7*v + 1. Give b(z).
-6
Let t = 0 + 0. Let u(j) = 4*j. Let w(l) be the first derivative of -5*l**2/2 - l - 3. Let r(m) = 4*u(m) + 3*w(m). Calculate r(t).
-3
Suppose 0 = 7*r - 11*r + 8. Let z(q) = -2*q**3 + q**2 - 2*q + 3. Determine z(r).
-13
Let n(v) = -v**2 - v + 1. Suppose 3*d = -0*y + 2*y + 13, -4 = y - 4*d. Let c = y + 13. Suppose 4*r = c*r. Determine n(r).
1
Let f(h) = h**3 - 7*h**2 - h - 4. Let t(z) = z**3 - 6*z**2 - z - 3. Let i(q) = -2*f(q) + 3*t(q). Let s(n) = -3*n + 1. Let k be s(-1). What is i(k)?
-5
Let q(k) = 2*k**2 - k - 1. Suppose -4*v - 29 = -9. Let b(r) = r**3 + 4*r**2 - 6*r - 7. Let l be b(v). What is q(l)?
9
Let a = -44 + 41. Let n(b) = 4*b + 7. Let m(p) = 2*p + 4. Let t(s) = -5*m(s) + 3*n(s). Determine t(a).
-5
Let j(a) = -19*a - 1. Let p be -1*4/(-12)*3. Determine j(p).
-20
Let u be 90/21 + 4/(-14). Let a(c) = -c**3 + 3*c**2 + 5*c - 1. Determine a(u).
3
Let m(g) = 12*g + 89. Let l be m(-8). Let s(j) = j**2 + 9*j. Determine s(l).
-14
Let r(s) = 4*s - 2 + 4 - 4 - 2. Determine r(3).
8
Let u(k) = 8*k + 1. Let w(j) = 7*j. Let m(c) = 4*u(c) - 5*w(c). Calculate m(4).
-8
Let o(c) = c**3 + 8*c**2 + 3*c - 9. Let p(r) = -r**3 - 9*r**2 - 3*r + 10. Let l(a) = 3*o(a) + 2*p(a). Let k = 31 - 47. Let s = k + 11. What is l(s)?
3
Let v(h) = -h**2 + 2*h + 2. Let g = 30 - 26. Give v(g).
-6
Let r(o) = -2*o**3 + o + 4*o**3 + 4 + o**2 - o**3 + 2. Calculate r(0).
6
Let i(a) = -2*a + 0*a - 4 + 0*a. Let z(t) = -t**2 + 4*t + 8. Let g be z(6). Let j be i(g). Let r(f) = 2*f - 3. What is r(j)?
5
Let a(m) = -5*m**3 - 7*m**2 - m - 2. Let j(g) = g**3. Let r(p) = -a(p) - 4*j(p). Give r(-7).
-5
Let s(f) = -2*f**3 + 26*f**2 - 3*f. Let p(h) = -3*h**3 + 38*h**2 - 4*h. Let k(m) = -5*p(m) + 7*s(m). Calculate k(8).
-8
Let t(x) = -x**2 - 7*x + 6. Suppose -5*m = -b + 41, 2*b + 29 = -3*m + 7*b. Determine t(m).
-2
Let k(r) = -r**3 + 3*r**2 + 2*r - 3. Let s be k(3). Let i(h) = -15*h - 13*h + 3 - 4 + 0 + 31*h. Determine i(s).
8
Let t(v) be the first derivative of -4*v**3/3 + 2*v**2 - 2*v - 4. Let r(u) = u**3 + 3*u**2 + 2*u + 2. Let h be r(-2). What is t(h)?
-10
Let g(h) = h**3 + 8*h**2 - h + 12. Let a(j) = j**3 + j. Let n(c) = -2*a(c) + g(c). Calculate n(8).
-12
Suppose n - 2*n = 1. Let a = 30 - 28. Let o(i) = -a*i - 2*i**2 + 3*i**2 - 3*i**2 - 1. Calculate o(n).
-1
Suppose -3*f = s - 22, -5*f - 2*s - 22 = -58. Let h(k) = k**2 - 7*k - 3. Give h(f).
5
Suppose -3*v - 30 = -0. Let f be 16/v + (-18)/(-30). Let t(u) = -8*u**2 - u - 1. What is t(f)?
-8
Let y(w) = 11*w**2 - w - 1. Let v be 12/(-21) + (-9)/21. Determine y(v).
11
Let p be -1*1/((-2)/8). Suppose 5*y - y + n = 0, 4*y + 5*n + 16 = 0. Let j(s) = 1 - s**2 - y + 3 + s + 1. Determine j(p).
-8
Let n(l) = -8 + 8*l + 7*l - 16*l. Let t be n(-5). Let a(u) = 5*u + 1. Let h(x) = 6*x + 1. Let q(i) = 7*a(i) - 6*h(i). What is q(t)?
4
Let g(x) = -17*x + 16*x - x**3 + 2 + 4 - 6*x**2. Give g(-6).
12
Let l(q) = q**2 - 4*q - 15. Let v be l(6). Let k(w) = 8*w + 3. Give k(v).
-21
Let i(q) = 3 - q - 4*q + 4*q. Suppose -3*x = -o - 8*x + 10, 0 = -5*x + 10. What is i(o)?
3
Let g = -1 - -2. Suppose -o = g - 7. Suppose o*s = s. Let w(a) = a**3 - a + 1. Determine w(s).
1
Let g(r) = -r**2 + 12. Let t(a) = -a**2 + a + 6. Let p be t(-2). Calculate g(p).
12
Let h = -21 - -19. Let s(n) = n**3 + n**2 + 3*n + 3. Determine s(h).
-7
Let g(s) = -s**3 + s - 1. Let q = 40 - 42. What is g(q)?
5
Let u be -1 - (2 - 3 - -1). Suppose 0 = 3*k - 6. Let s(b) = 1 + 2*b - k*b - b**2. Determine s(u).
0
Let o(p) be the first derivative of 3*p**4 - 2*p**3/3 + p**2/2 - 1. Suppose 2*m - 3 + 1 = 0. What is o(m)?
11
Let g(p) = p**3 - p**2 + 3*p - 3. Suppose 0 = -2*n + 6 - 2. What is g(n)?
7
Let c(n) = -1 - 2 - n**3 + 2 - 4*n**2 - 2*n - 2*n. What is c(-3)?
2
Let b = 6 + -2. Let u be 2*3/(9/3). Let c(r) = 5*r - r - r - r**3 - r + 3*r**u - 3. Determine c(b).
-11
Let y(b) = -b**2 - 6*b - 4. Suppose 4*q = -5*f - 8, -f + 6*q + 8 = 2*q. Let s be -2 - (1 + (f - -2)). Determine y(s).
1
Suppose 7 = 2*z - y, y = 4*z + 3*y - 10. Let o(d) be the third derivative of -d**4/8 + d**3/6 - 13*d**2. Calculate o(z).
-8
Let w(y) = -y + 1. Let u(l) = l - 6. Let h(c) = u(c) + 4*w(c). Let s(j) = 2*j + 1. Let d be s(1). Calculate h(d).
-11
Let q(c) = 4 - c + 2*c + 2*c. Let h be q(-3). Let v = h - -4. Let y(d) = 7*d**2 + 1. Calculate y(v).
8
Let s(d) = -2*d**3 - 3*d + 4*d**3 + 0 + 1 - d**2. What is s(2)?
7
Let s(z) = 0*z + 0*z**3 + z**3 + 4*z**2 + 2*z**2 + 7*z + 6. Give s(-4).
10
Let g(b) = b**3 + 5*b**2 + 1. Suppose 160*q + 3 = 159*q. What is g(q)?
19
Suppose -5*p = -4*t - 15, -5*p - 5*t - 41 = -11. Let r be (-3 - p)*3/(-6). Let v(q) = -1 + 0*q - 2*q + 2*q + 4*q. Give v(r).
3
Let b(q) be the first derivative of q**2/2 + q + 2. Let z(o) = -5*o + 1. Let p = -2 - -3. Let r(c) = p*z(c) + 4*b(c). What is r(5)?
0
Let x(d) = -3*d**3 + d**3 - 4*d - 4 + 3*d**3 + 2*d**2. Let t(b) = -b**3 + 4*b**2 - 3*b. Let j be t(2). Suppose -j*w - 6 = -0*w. What is x(w)?
-1
Let v = -22 - -42. Suppose -2*u - 3*u = v. Let z(l) = 2*l + 3*l**2 + 144 - 138 - 2*l**2 + 2*l. What is z(u)?
6
Let j(b) be the first derivative of -2*b - 7 + 1/4*b**4 + b**2 + 4/3*b**3. What is j(-3)?
1
Let m(g) = -g**2 + 2*g - 1. Let k(j) = 6*j**2 - 9*j + 5. Let p(b) = 2*k(b) + 11*m(b). Let c(v) = -v**2 + 2*v - 3. Let t = -2 + 4. Let r be c(t). Calculate p(r).
-4
Suppose 0 = 3*h + 2*n - 19, 8*n - 34 = -3*h + 3*n. Let v(l) = -2*l - 13. Let a(y) = -y - 7. Let z(j) = -7*a(j) + 4*v(j). Determine z(h).
-6
Suppose -3*y = -14 - 10. Suppose f = -f - y. Let j(w) = w**2 + 3*w - 5. Calculate j(f).
-1
Let z be (8/5)/(2/5). Let c(n) = -z + 1 + 6*n**2 + 0 + 2 - n**3. Calculate c(6).
-1
Let l(m) = 2*m**3 - 2*m**2 - 2*m - 1. Let g be l(-1). Let f = 4 + g. Let j(w) = -11*w - 2. Let c(p) = -6*p - 1. Let z(b) = -7*c(b) + 4*j(b). Give z(f).
-3
Suppose -3*w = -4*d + 14, 2*w - 3*d + 0*d = -9. Let y(j) = -j - 3. Calculate y(w).
3
Let p(u) = -6*u**3 - 2*u**2 + 3*u + 7. Let l(o) = -5*o**3 - 2*o**2 + 2*o + 6. Let v(f) = -5*l(f) + 4*p(f). Let d = -22 + 20. Give v(d).
-6
Suppose -h = 2*h. Let d(i) = -2*i - i**3 - 5 + h*i + 4*i**2 + 2*i**2 - 3*i. Give d(5).
-5
Let t(r) = r**2 + 6*r + 5. Let l(n) = -n**2 - 11*n + 6. Let a be l(-12). Give t(a).
5
Let g = -6 + 3. Let u(n) = -n + 1. Calculate u(g).
4
Let c(a) = 6*a + 1 - 4*a - 4*a + 0*a. Calculate c(6).
-11
Let t be (42/(-15) + 3)/((-36)/(-15)). Let r(g) be the second derivative of t*g**4 - 2*g**2 - 3*g + 0*g**3 + 0. Determine r(0).
-4
Suppose -n + o = 4*o - 9, 0 = -4*n - 3*o + 18. Let l(x) = 3 - x - 4 - x**3 + 0*x**n - 2. Calculate l(0).
-3
Let s(k) be the first derivative of k**2/2 - 17*k - 6. Calculate s(11).
-6
Let h(k) = -k**2 + 7*k + 13. Let m be 4*((-18)/24 + 3). Give h(m).
-5
Suppose 0 = -3*m + 7 + 2. Suppose 0 = 2*p + m*p. Let u(z) = -z + 7. What is u(p)?
7
Suppose -p = 4*p - 25. Let r(f) = -5*f**2 + 4*f - 3. Let c(g) = 14*g**2 - 12*g + 8. Let i(z) = 4*c(z) + 11*r(z). Calculate i(p).
4
Suppose -5*p + 20 = -2*p + 2*d, -3*p + 5*d = 8. Let y(z) = 2*z - 1 - p + 1 - 3*z. Determine y(-6).
2
Let p = 5 + -2. Let t(y) = 6 - p + 0 - 2*y - 2. Determine t(3).
-5
Let i(j) = 3*j**3 + 38*j**2 - 41*j - 35. Let c(x) = x**3 + 13*x**2 - 14*x - 12. Let k(u) = 17*c(u) - 6*i(u). Calculate k(-8).
6
Let d(b) be the second derivative of -b**4/12 - 2*b**3/3 - 3*b**2/2 - b. Let s(v) = -6*v. Let t be s(1). Let w(i) = -i - 8. Let o be w(t). What is d(o)?
1
Let z = -168 + 94. Let g be (-3)/(-12) - z/(-8). Let n(a) = -a**2 + 5*a - 3. Let l(f) = -4*f**2 + 20*f - 11. Let s(p) = g*n(p) + 2*l(p). Calculate s(4).
1
Let l(a) = -a**3 - 4*a**2 + a + 1. Suppose -3*y = -0*y + 12. Determine l(y).
-3
Let f(w) = 511*w + 3 - 257*w - 257*w + 3. Determine f(7).
-15
Let u(y) = -4*y**2 + y - 1. Suppose -p = 4*p - 10. What is u(p)?
-15
Suppose -3 = -3*z - x - 0*x, -4*z = 4*x + 4. Let s(n) be the first derivative of -4 + 4 + n - n**2 + 1. Determine s(z).
-3
Suppose -5*q + 6 = -9. Suppose -3*x + 2*l + 0*l = -19, -q = x -